3?
853
What are the prime factors of 59147?
11, 19, 283
What are the prime factors of 187804?
2, 29, 1619
What are the prime factors of 4957?
4957
What are the prime factors of 165740?
2, 5, 8287
List the prime factors of 11321.
11321
What are the prime factors of 35390?
2, 5, 3539
What are the prime factors of 20?
2, 5
What are the prime factors of 2380?
2, 5, 7, 17
What are the prime factors of 73795?
5, 14759
What are the prime factors of 24434?
2, 19, 643
What are the prime factors of 52604?
2, 13151
What are the prime factors of 2327?
13, 179
List the prime factors of 4484.
2, 19, 59
What are the prime factors of 841?
29
What are the prime factors of 3061?
3061
What are the prime factors of 72251?
72251
List the prime factors of 42087.
3, 14029
What are the prime factors of 969?
3, 17, 19
List the prime factors of 5655.
3, 5, 13, 29
List the prime factors of 10675.
5, 7, 61
List the prime factors of 5654.
2, 11, 257
List the prime factors of 953.
953
List the prime factors of 114237.
3, 4231
What are the prime factors of 57590?
2, 5, 13, 443
What are the prime factors of 1926?
2, 3, 107
What are the prime factors of 961?
31
List the prime factors of 9418.
2, 17, 277
List the prime factors of 637.
7, 13
List the prime factors of 2089.
2089
What are the prime factors of 71645?
5, 7, 23, 89
What are the prime factors of 186?
2, 3, 31
What are the prime factors of 3242?
2, 1621
What are the prime factors of 2597?
7, 53
List the prime factors of 14117.
19, 743
List the prime factors of 27898.
2, 13, 29, 37
What are the prime factors of 91198?
2, 45599
What are the prime factors of 1187?
1187
List the prime factors of 1357.
23, 59
List the prime factors of 1798.
2, 29, 31
What are the prime factors of 3710?
2, 5, 7, 53
What are the prime factors of 6431?
59, 109
List the prime factors of 4670.
2, 5, 467
What are the prime factors of 6457?
11, 587
What are the prime factors of 1121?
19, 59
List the prime factors of 1852.
2, 463
List the prime factors of 7754.
2, 3877
List the prime factors of 1067.
11, 97
List the prime factors of 100.
2, 5
List the prime factors of 16049.
11, 1459
What are the prime factors of 82788?
2, 3, 6899
What are the prime factors of 1102?
2, 19, 29
List the prime factors of 649.
11, 59
What are the prime factors of 46824?
2, 3, 1951
What are the prime factors of 44247?
3, 7, 43
What are the prime factors of 4120?
2, 5, 103
List the prime factors of 5271.
3, 7, 251
What are the prime factors of 2370?
2, 3, 5, 79
What are the prime factors of 1733?
1733
List the prime factors of 137.
137
What are the prime factors of 93020?
2, 5, 4651
List the prime factors of 9384.
2, 3, 17, 23
List the prime factors of 39299.
13, 3023
What are the prime factors of 2559?
3, 853
List the prime factors of 113330.
2, 5, 7, 1619
What are the prime factors of 1162?
2, 7, 83
What are the prime factors of 30582?
2, 3, 1699
What are the prime factors of 7256?
2, 907
What are the prime factors of 2583?
3, 7, 41
List the prime factors of 2681.
7, 383
List the prime factors of 115406.
2, 19, 3037
What are the prime factors of 9031?
11, 821
List the prime factors of 8386.
2, 7, 599
What are the prime factors of 2564?
2, 641
List the prime factors of 1585.
5, 317
List the prime factors of 37700.
2, 5, 13, 29
What are the prime factors of 31357?
31357
List the prime factors of 5581.
5581
What are the prime factors of 1786?
2, 19, 47
List the prime factors of 1566.
2, 3, 29
List the prime factors of 247.
13, 19
List the prime factors of 2768.
2, 173
List the prime factors of 45.
3, 5
What are the prime factors of 10513?
10513
List the prime factors of 751.
751
List the prime factors of 2632.
2, 7, 47
List the prime factors of 1417.
13, 109
List the prime factors of 1002.
2, 3, 167
What are the prime factors of 74413?
74413
List the prime factors of 117786.
2, 3, 67, 293
List the prime factors of 32564.
2, 7, 1163
What are the prime factors of 11829?
3, 3943
List the prime factors of 10627.
10627
List the prime factors of 585.
3, 5, 13
What are the prime factors of 1295?
5, 7, 37
What are the prime factors of 4742?
2, 2371
What are the prime factors of 19?
19
What are the prime factors of 50039?
11, 4549
List the prime factors of 12006.
2, 3, 23, 29
What are the prime factors of 2540?
2, 5, 127
What are the prime factors of 5571?
3, 619
List the prime factors of 15407.
7, 31, 71
List the prime factors of 2821.
7, 13, 31
List the prime factors of 168665.
5, 7, 61, 79
What are the prime factors of 7987?
7, 163
What are the prime factors of 10714?
2, 11, 487
What are the prime factors of 497?
7, 71
List the prime factors of 99480.
2, 3, 5, 829
What are the prime factors of 23525?
5, 941
List the prime factors of 662.
2, 331
What are the prime factors of 12340?
2, 5, 617
What are the prime factors of 19817?
7, 19, 149
What are the prime factors of 2292?
2, 3, 191
What are the prime factors of 22380?
2, 3, 5, 373
List the prime factors of 174.
2, 3, 29
List the prime factors of 3590.
2, 5, 359
List the prime factors of 7487.
7487
List the prime factors of 134892.
2, 3, 1249
List the prime factors of 790.
2, 5, 79
What are the prime factors of 20827?
59, 353
List the prime factors of 2045.
5, 409
List the prime factors of 7080.
2, 3, 5, 59
List the prime factors of 39120.
2, 3, 5, 163
What are the prime factors of 20281?
17, 1193
What are the prime factors of 1803?
3, 601
List the prime factors of 3597.
3, 11, 109
List the prime factors of 372.
2, 3, 31
List the prime factors of 47944.
2, 13, 461
What are the prime factors of 920?
2, 5, 23
List the prime factors of 16424.
2, 2053
List the prime factors of 26815.
5, 31, 173
List the prime factors of 592.
2, 37
What are the prime factors of 2164?
2, 541
List the prime factors of 5338.
2, 17, 157
List the prime factors of 326.
2, 163
List the prime factors of 938.
2, 7, 67
List the prime factors of 27194.
2, 13597
What are the prime factors of 28966?
2, 7, 2069
List the prime factors of 1296.
2, 3
What are the prime factors of 788?
2, 197
What are the prime factors of 274?
2, 137
What are the prime factors of 229?
229
What are the prime factors of 5462?
2, 2731
List the prime factors of 290.
2, 5, 29
What are the prime factors of 1642?
2, 821
List the prime factors of 1060.
2, 5, 53
List the prime factors of 7816.
2, 977
List the prime factors of 3880.
2, 5, 97
What are the prime factors of 8605?
5, 1721
List the prime factors of 816.
2, 3, 17
What are the prime factors of 4451?
4451
List the prime factors of 24724.
2, 7, 883
List the prime factors of 88301.
88301
List the prime factors of 543.
3, 181
List the prime factors of 39423.
3, 17, 773
List the prime factors of 2027.
2027
List the prime factors of 17531.
47, 373
What are the prime factors of 2500?
2, 5
What are the prime factors of 10533?
3, 3511
List the prime factors of 384.
2, 3
What are the prime factors of 15424?
2, 241
List the prime factors of 48381.
3, 16127
What are the prime factors of 23565?
3, 5, 1571
What are the prime factors of 244?
2, 61
List the prime factors of 503.
503
What are the prime factors of 7499?
7499
List the prime factors of 4308.
2, 3, 359
List the prime factors of 18116.
2, 7, 647
List the prime factors of 1407.
3, 7, 67
List the prime factors of 3777.
3, 1259
List the prime factors of 12383.
7, 29, 61
What are the prime factors of 21245?
5, 7, 607
What are the prime factors of 16739?
19, 881
List the prime factors of 298.
2, 149
What are the prime factors of 1226?
2, 613
List the prime factors of 1288.
2, 7, 23
What are the prime factors of 650?
2, 5, 13
List the prime factors of 824.
2, 103
List the prime factors of 6.
2, 3
List the prime factors of 3190.
2, 5, 11, 29
What are the prime factors of 260?
2, 5, 13
List the prime factors of 27343.
37, 739
List the prime factors of 60121.
59, 1019
What are the prime factors of 43695?
3, 5, 971
List the prime factors of 8757.
3, 7, 139
What are the prime factors of 12257?
7, 17, 103
What are the prime factors of 28275?
3, 5, 13, 29
List the prime factors of 30331.
7, 619
List the prime factors of 14874.
2, 3, 37, 67
What are the prime factors of 50?
2, 5
What are the prime factors of 1429?
1429
What are the prime factors of 10931?
17, 643
What are the prime factors of 147